{"id":828,"date":"2012-02-10T10:11:35","date_gmt":"2012-02-10T10:11:35","guid":{"rendered":"http:\/\/literaturkunstmedien.wordpress.com\/?page_id=828"},"modified":"2024-05-28T00:11:42","modified_gmt":"2024-05-27T22:11:42","slug":"fs-litling","status":"publish","type":"page","link":"https:\/\/www.lkm.uni-konstanz.de\/support\/fs-litling\/","title":{"rendered":"Fachschaft LitLing"},"content":{"rendered":"<p>&#8230; wer sich hochschulpolitisch direkt in seinem Fachbereich einbringen m\u00f6chte, kommt zur<\/p>\n<p><strong>Fachschaft LitLing<\/strong><\/p>\n<p>In der Fachschaft LitLing engagieren sich Studierende der Fachbereiche Literatur- und Sprachwissenschaft in allen Bereichen, die uns am Fachbereich direkt betreffen. Wir geben Informationen und Ausk\u00fcnfte zu wichtigen Anlaufstellen, organisieren die studentische Teilnahme an Berufungskommissionen, diskutieren m\u00f6gliche \u00c4nderungen an Studienordnungen und veranstalten Kennenlerngelegenheiten f\u00fcr Studierende und Lehrende, wie das Ersti-Fr\u00fchst\u00fcck, die Weihnachtsfeier am Fachbereich sowie Spiele- und Grillabende\u00a0 &#8211; und die Ersti-H\u00fctte!<\/p>\n<p>Wann immer es Probleme gibt oder Ihr \u00c4nderungsvorschl\u00e4ge f\u00fcr Euren Fachbereich habt, seid Ihr bei uns richtig. Zudem habt Ihr hier den Kontakt zu den Studierendenvertretern in den hochschulpolitischen Gremien wie dem Fachbereichsrat und dem st\u00e4ndigen Pr\u00fcfungsausschuss. Die Mitarbeit in der Fachschaft steht allen Studierenden der Fachbereiche Literatur- und Sprachwissenschaft offen, egal in welchem Studiengang und Semester.<\/p>\n<p><a href=\"https:\/\/www.ling.uni-konstanz.de\/fachschaft\/\" target=\"_blank\" rel=\"noopener noreferrer\">Homepage der Fachschaft LitLing<\/a><\/p>\n<p><a href=\"http:\/\/www.facebook.com\/FSLitLing\" target=\"_blank\" rel=\"noopener noreferrer\">LitLing auf Facebook<\/a><\/p>\n<p><a href=\"https:\/\/www.instagram.com\/fs.litling.konstanz\/\">LitLing auf Instagram<\/a><\/p>\n","protected":false},"excerpt":{"rendered":"<p>&#8230; wer sich hochschulpolitisch direkt in seinem Fachbereich einbringen m\u00f6chte, kommt zur Fachschaft LitLing In der Fachschaft LitLing engagieren sich Studierende der Fachbereiche Literatur- und Sprachwissenschaft in allen Bereichen, die &hellip;<\/p>\n","protected":false},"author":1,"featured_media":0,"parent":0,"menu_order":11,"comment_status":"closed","ping_status":"closed","template":"","meta":{"_stc_notifier_status":"","_stc_notifier_sent_time":"","_stc_notifier_request":false,"_stc_notifier_prevent":false,"_stc_subscriber_keywords":"","_stc_subscriber_search_areas":"","footnotes":""},"class_list":["post-828","page","type-page","status-publish","hentry","entry entry-center"],"_links":{"self":[{"href":"https:\/\/www.lkm.uni-konstanz.de\/support\/wp-json\/wp\/v2\/pages\/828","targetHints":{"allow":["GET"]}}],"collection":[{"href":"https:\/\/www.lkm.uni-konstanz.de\/support\/wp-json\/wp\/v2\/pages"}],"about":[{"href":"https:\/\/www.lkm.uni-konstanz.de\/support\/wp-json\/wp\/v2\/types\/page"}],"author":[{"embeddable":true,"href":"https:\/\/www.lkm.uni-konstanz.de\/support\/wp-json\/wp\/v2\/users\/1"}],"replies":[{"embeddable":true,"href":"https:\/\/www.lkm.uni-konstanz.de\/support\/wp-json\/wp\/v2\/comments?post=828"}],"version-history":[{"count":2,"href":"https:\/\/www.lkm.uni-konstanz.de\/support\/wp-json\/wp\/v2\/pages\/828\/revisions"}],"predecessor-version":[{"id":6219,"href":"https:\/\/www.lkm.uni-konstanz.de\/support\/wp-json\/wp\/v2\/pages\/828\/revisions\/6219"}],"wp:attachment":[{"href":"https:\/\/www.lkm.uni-konstanz.de\/support\/wp-json\/wp\/v2\/media?parent=828"}],"curies":[{"name":"wp","href":"https:\/\/api.w.org\/{rel}","templated":true}]}}