{"id":61,"date":"2011-02-08T17:47:23","date_gmt":"2011-02-08T17:47:23","guid":{"rendered":"http:\/\/literaturkunstmedien.wordpress.com\/?page_id=61"},"modified":"2024-06-21T17:25:53","modified_gmt":"2024-06-21T15:25:53","slug":"praktika","status":"publish","type":"page","link":"https:\/\/www.lkm.uni-konstanz.de\/support\/praktika\/","title":{"rendered":"Praktika"},"content":{"rendered":"<p>Im Bachelor LKM muss bis zum Ende des Studiums ein achtw\u00f6chiges Praktikum nachgewiesen werden. <strong>Du kannst deine Bachelorarbeit erst anmelden, wenn du dieses Praktikum abgeschlossen hast<\/strong>!<\/p>\n<p>&nbsp;<\/p>\n<p><strong>Formalia und Anrechnung<\/strong><br \/>\nDu bist frei in Deiner Entscheidung, wo Du dieses Praktikum ableisten willst. Du kannst dich ohne gro\u00dfe Umwege bei einem Arbeitgeber Deiner Wahl um einen Praktikumsplatz bewerben, auch den Zeitpunkt des Praktikums bestimmst Du.<br \/>\nEs ist auch m\u00f6glich, das <strong>Praktikum bei zwei verschiedenen Arbeitgebern<\/strong> zu machen: Das Praktikum kann dann gesplittet werden in zwei mindestens vierw\u00f6chige Praktika mit je mindestens 30 Wochenstunden. Falls dein Praktikum weniger als 30 Wochenstunden umfasst, dann muss sich die Praktikumsdauer insgesamt verl\u00e4ngern, bis mindestens 120 Stunden (f\u00fcr die Anrechnung als vierw\u00f6chiges Praktikum) oder 240 Stunden (f\u00fcr die Anrechnung als achtw\u00f6chiges Praktikum) zusammen kommen. Auch eine vorherige Ausbildung oder dein Nebenjob lassen sich auf diese Weise gegebenenfalls anrechnen, falls die Arbeitsstelle mit einer f\u00fcr LKM relevanten T\u00e4tigkeit verbunden war, bspw. ein Nebenjob in der Zeitungsredaktion, im Kulturzentrum etc.<br \/>\nWenn ein <strong>Praktikum beim selben Arbeitgeber<\/strong> gemacht wird, m\u00fcssen es nicht vier oder acht Wochen am\u00a0 St\u00fcck sein. Dann k\u00f6nnte das Praktikum bspw. auch in sechs plus zwei Wochen\u00a0 gest\u00fcckelt werden, solange eben die 30 Wochenstunden erreicht werden.<\/p>\n<p>F\u00fcr <strong>Fragen rund um die Anrechenbarkeit ist der Fachbereichsreferent <a href=\"https:\/\/www.literature.uni-konstanz.de\/beratung-und-service\/studienberatung\/\">Daniel H\u00fctter<\/a> zust\u00e4ndig<\/strong>. Wende dich bei Unsicherheiten am besten schon vor Praktikumbeginn an ihn!<br \/>\nNach dem Praktikum solltest Du dir eine <strong>Praktikumsbescheinigung<\/strong> ausstellen lassen, aus dem die Dauer und die groben T\u00e4tigkeiten w\u00e4hrend des Praktikums hervorgehen, und die Dir dann im Fachbereich anerkannt wird. Ben\u00f6tigt Ihr ein Schreiben seitens der Uni, dass Ihr euch das Praktikum als sogenanntes Pflichtpraktikum anrechnen lasst, wendet Euch per Mail ebenfalls an Daniel H\u00fctter.<\/p>\n<p>&nbsp;<\/p>\n<p><strong>Praktikum im Master<\/strong><br \/>\nF\u00fcr den Master ist kein Pflichtpraktikum vorgeschrieben, nat\u00fcrlich kannst du aber ein freiwilliges Praktikum machen. Dieses kann im Modul Medienpraxis angerechnet werden oder dieses sogar ganz ersetzen (abh\u00e4ngig von der Dauer des Praktikums, vgl. S. 3. der PO MA LKM, Anlage B). Auch hier ist bei Fragen zur Anrechenbarkeit Daniel H\u00fctter zust\u00e4ndig.<\/p>\n<p>&nbsp;<\/p>\n<p><strong>Wo finde ich ein Praktikum?<\/strong><br \/>\nAuf unserem Blog und auf der Instagramseite werden wir immer wieder ausgew\u00e4hlte Praktika und Stellenangebote posten. Dabei k\u00f6nnen wir nat\u00fcrlich nicht das ganze Angebot abdecken. Eine ausf\u00fchrliche \u00dcbersicht \u00fcber m\u00f6gliche Stellenportale und den Link zum Zeus-Praktikumsportal findet ihr <a href=\"https:\/\/www.uni-konstanz.de\/studieren\/beratung-und-service\/career-service\/tipps\/stellensuche\/praktikums-und-stellenportale\/\">hier auf der Seite des Career-Service<\/a>.<br \/>\nAuch in den Fluren des Fachbereichs h\u00e4ngen h\u00e4ufig Angebote aus.<br \/>\nHabt keine Angst, eure Professor*innen anzusprechen, wenn ihr euch auf spezifische oder strategische Stellen bewerben wollt &#8211; sie haben h\u00e4ufig schon Kontakt zu gr\u00f6\u00dferen Instituten und Museen und k\u00f6nnen euch hier ggf. auch nochmal mit einem Empfehlungsschreiben weiterhelfen.<\/p>\n<p>&nbsp;<\/p>\n<p><strong>Du brauchst Hilfe bei Deiner Bewerbung?<\/strong><br \/>\n<a href=\"https:\/\/www.uni-konstanz.de\/studieren\/beratung-und-service\/career-service\/angebote-fuer-studierende-und-absolventinnen\/\">Der Career Service der Uni<\/a> bietet einen kostenlosen Unterlagenceck und allgemeine Beratung rund um Stellensuche und Bewerbungsverfahren an!<\/p>\n<p>&nbsp;<\/p>\n<p>Stand: April 2024<\/p>\n","protected":false},"excerpt":{"rendered":"<p>Im Bachelor LKM muss bis zum Ende des Studiums ein achtw\u00f6chiges Praktikum nachgewiesen werden. Du kannst deine Bachelorarbeit erst anmelden, wenn du dieses Praktikum abgeschlossen hast! &nbsp; Formalia und Anrechnung &hellip;<\/p>\n","protected":false},"author":1,"featured_media":0,"parent":0,"menu_order":9,"comment_status":"closed","ping_status":"closed","template":"","meta":{"_stc_notifier_status":"","_stc_notifier_sent_time":"","_stc_notifier_request":false,"_stc_notifier_prevent":false,"_stc_subscriber_keywords":"","_stc_subscriber_search_areas":"","footnotes":""},"class_list":["post-61","page","type-page","status-publish","hentry","entry entry-center"],"_links":{"self":[{"href":"https:\/\/www.lkm.uni-konstanz.de\/support\/wp-json\/wp\/v2\/pages\/61","targetHints":{"allow":["GET"]}}],"collection":[{"href":"https:\/\/www.lkm.uni-konstanz.de\/support\/wp-json\/wp\/v2\/pages"}],"about":[{"href":"https:\/\/www.lkm.uni-konstanz.de\/support\/wp-json\/wp\/v2\/types\/page"}],"author":[{"embeddable":true,"href":"https:\/\/www.lkm.uni-konstanz.de\/support\/wp-json\/wp\/v2\/users\/1"}],"replies":[{"embeddable":true,"href":"https:\/\/www.lkm.uni-konstanz.de\/support\/wp-json\/wp\/v2\/comments?post=61"}],"version-history":[{"count":8,"href":"https:\/\/www.lkm.uni-konstanz.de\/support\/wp-json\/wp\/v2\/pages\/61\/revisions"}],"predecessor-version":[{"id":6263,"href":"https:\/\/www.lkm.uni-konstanz.de\/support\/wp-json\/wp\/v2\/pages\/61\/revisions\/6263"}],"wp:attachment":[{"href":"https:\/\/www.lkm.uni-konstanz.de\/support\/wp-json\/wp\/v2\/media?parent=61"}],"curies":[{"name":"wp","href":"https:\/\/api.w.org\/{rel}","templated":true}]}}