{"id":5900,"date":"2020-06-03T10:17:08","date_gmt":"2020-06-03T08:17:08","guid":{"rendered":"https:\/\/www.lkm.uni-konstanz.de\/support\/?page_id=5900"},"modified":"2020-06-03T10:23:53","modified_gmt":"2020-06-03T08:23:53","slug":"ma-modularbeiten-anmelden","status":"publish","type":"page","link":"https:\/\/www.lkm.uni-konstanz.de\/support\/ma-modularbeiten-anmelden\/","title":{"rendered":"MA: Modularbeiten anmelden"},"content":{"rendered":"<p>Aus aktuellem Anlass m\u00f6chten wir euch hier eine kurze Hilfestellung geben, wie ihr die Modularbeiten im neuen ZEuS anmelden k\u00f6nnt. Dies ist momentan auch au\u00dferhalb der einheitlichen Pr\u00fcfungsanmeldezeitr\u00e4ume m\u00f6glich!<\/p>\n<p>1.) Im ZEuS geht ihr unter &#8222;Mein Studium&#8220; auf den &#8222;Studienplaner mit Modulplan&#8220;, oben links klickt ihr auf eine Schaltfl\u00e4che mit dem Titel &#8222;Modulplan anzeigen&#8220;.<br \/>\n2.) Jetzt m\u00fcsste euer Masterstudium nach Semestern angezeigt werden und in welchen Modulen in welchem Semester Veranstaltungen belegt wurden. Je nachdem, ob ihr die anzumeldende Modularbeit im &#8222;Modul 2: Repertoire&#8220; oder im &#8222;Modul 3: Schwerpunkt&#8220; anrechnen m\u00f6chtet, sucht ihr das entsprechende Modul in dieser Ansicht und klappt es mit einem Klick auf den kleinen blauen Pfeil auf.<br \/>\n3.) Dann werden alle Seminare dieses Moduls (belegte und nicht belegte) aufgelistet. Dort sollte auch irgendwo &#8222;Modularbeit -\/9&#8220; auftauchen. Wenn ihr das anklickt, \u00f6ffnet sich ein extra Fenster, bei dem unten ein &#8222;Anmelden&#8220;-Button erscheint. Jetzt k\u00f6nnt ihr euch mit eurer TAN-Liste durch die weitere Anmeldeprozedur navigieren.<\/p>\n","protected":false},"excerpt":{"rendered":"<p>Aus aktuellem Anlass m\u00f6chten wir euch hier eine kurze Hilfestellung geben, wie ihr die Modularbeiten im neuen ZEuS anmelden k\u00f6nnt. Dies ist momentan auch au\u00dferhalb der einheitlichen Pr\u00fcfungsanmeldezeitr\u00e4ume m\u00f6glich! 1.) &hellip;<\/p>\n","protected":false},"author":12,"featured_media":0,"parent":0,"menu_order":0,"comment_status":"closed","ping_status":"closed","template":"","meta":{"_stc_notifier_status":"","_stc_notifier_sent_time":"","_stc_notifier_request":false,"_stc_notifier_prevent":false,"_stc_subscriber_keywords":"","_stc_subscriber_search_areas":"","footnotes":""},"class_list":["post-5900","page","type-page","status-publish","hentry","entry entry-center"],"_links":{"self":[{"href":"https:\/\/www.lkm.uni-konstanz.de\/support\/wp-json\/wp\/v2\/pages\/5900","targetHints":{"allow":["GET"]}}],"collection":[{"href":"https:\/\/www.lkm.uni-konstanz.de\/support\/wp-json\/wp\/v2\/pages"}],"about":[{"href":"https:\/\/www.lkm.uni-konstanz.de\/support\/wp-json\/wp\/v2\/types\/page"}],"author":[{"embeddable":true,"href":"https:\/\/www.lkm.uni-konstanz.de\/support\/wp-json\/wp\/v2\/users\/12"}],"replies":[{"embeddable":true,"href":"https:\/\/www.lkm.uni-konstanz.de\/support\/wp-json\/wp\/v2\/comments?post=5900"}],"version-history":[{"count":1,"href":"https:\/\/www.lkm.uni-konstanz.de\/support\/wp-json\/wp\/v2\/pages\/5900\/revisions"}],"predecessor-version":[{"id":5901,"href":"https:\/\/www.lkm.uni-konstanz.de\/support\/wp-json\/wp\/v2\/pages\/5900\/revisions\/5901"}],"wp:attachment":[{"href":"https:\/\/www.lkm.uni-konstanz.de\/support\/wp-json\/wp\/v2\/media?parent=5900"}],"curies":[{"name":"wp","href":"https:\/\/api.w.org\/{rel}","templated":true}]}}