{"id":5833,"date":"2019-09-19T09:23:27","date_gmt":"2019-09-19T07:23:27","guid":{"rendered":"https:\/\/www.lkm.uni-konstanz.de\/support\/?page_id=5833"},"modified":"2025-10-09T15:23:52","modified_gmt":"2025-10-09T13:23:52","slug":"master-erstis-wise-2020-21","status":"publish","type":"page","link":"https:\/\/www.lkm.uni-konstanz.de\/support\/master-erstis-wise-2020-21\/","title":{"rendered":"MA-Erstis WS 25\/26"},"content":{"rendered":"<p><em><strong>Wir begr\u00fc\u00dfen euch herzlich in eurem ersten Semester im Masterstudium LKM!<\/strong><\/em><\/p>\n<p>F\u00fcr alle Neu-LKMler, die ihren B.A. nicht in Konstanz gemacht haben, haben wir auf dieser Seite ein paar Infos zusammengetragen, um den Start an unserer Uni zu erleichtern.<\/p>\n<h4>____________________________________________________________________________________________________________________________________________<\/h4>\n<ul>\n<li>Die<strong> Erstsemesterbegr\u00fc\u00dfung<\/strong> findet dieses Wintersemester am<strong>\u00a013. Oktober 2025 <\/strong>um<strong> 16.00 &#8211; 17.30 Uhr <\/strong>im<strong> Audimax (A600) <\/strong>statt.<\/li>\n<\/ul>\n<p>&nbsp;<\/p>\n<ul>\n<li>Die<strong data-start=\"78\" data-end=\"115\"> Ersti-Kneipentour von LitLing<\/strong> findet am <strong data-start=\"126\" data-end=\"146\">14. Oktober 2025<\/strong> statt. Kommt um <strong>18:30 Uhr<\/strong> zum <strong>Kaiserbrunnen<\/strong> auf der <strong>Marktst\u00e4tte<\/strong> \u2013 dort geht\u2019s los! Bei der Tour lernt ihr in kleinen Gruppen neue Leute und Bars in Konstanz kennen. Wichtig: Es besteht keine Trinkpflicht!<\/li>\n<\/ul>\n<p>&nbsp;<\/p>\n<ul>\n<li>Das<strong data-start=\"721\" data-end=\"762\"> Erstsemesterfr\u00fchst\u00fcck von LitLing<\/strong> findet am <strong data-start=\"773\" data-end=\"819\">16. Oktober 2025 <\/strong>um<strong data-start=\"773\" data-end=\"819\"> 10:00 Uhr <\/strong>in<strong data-start=\"773\" data-end=\"819\"> Raum E404<\/strong> statt.<br data-start=\"826\" data-end=\"829\" \/>Bei Kaffee und Brezeln habt ihr die Gelegenheit, eure Kommiliton*innen kennenzulernen und euch auszutauschen.<\/li>\n<\/ul>\n<p>&nbsp;<\/p>\n<ul>\n<li>Die <strong>Infoveranstaltung <\/strong>zur <strong>Pr\u00fcfungsordnung und Studienorganisation <\/strong>findet am <strong>Donnerstag, den 16.10.2025 von 11.00 Uhr &#8211; 11.45 Uhr<\/strong> in<strong> H 307 <\/strong>bei Dr. Daniel H\u00fctter statt.<\/li>\n<\/ul>\n<p>&nbsp;<\/p>\n<ul>\n<li>Der <strong>Kunst- und Campusspaziergang<\/strong> findet am <strong>16. Oktober 2025<\/strong>\u00a0 von <strong>15:30 bis 17:30 Uhr<\/strong> statt. Treffpunkt ist der Haupteingang der Uni. Die Hochschulgruppe Kunst-Werk-Stadt zeigt euch die wichtigsten Orte der Uni, sowie Hintergr\u00fcnde zu den Kunstwerken, die sich hier verstecken.<\/li>\n<\/ul>\n<p>&nbsp;<\/p>\n<ul>\n<li>Das <strong>Ersti-Caf\u00e9 (LitLing)<\/strong> findet am <strong>17. Oktober 2025<\/strong> nachmittags im <strong>Fachschaftsraum H282<\/strong> statt. Wenn ihr trotz (oder gerade wegen) der vielen Infoveranstaltungen noch Fragen habt, die euch unter den N\u00e4geln brennen, habt ihr hier die Gelegenheit, sie loszuwerden. Oder m\u00f6chtet ihr einfach nur die Fachschaft und den Fachschaftsraum kennenlernen? Dann schaut gerne spontan am Freitagnachmittag vorbei!<\/li>\n<\/ul>\n<p>&nbsp;<\/p>\n<h4>____________________________________________________________________________________________________________________________________________<\/h4>\n<p><strong>Allgemeine Infos&#8230;<\/strong><\/p>\n<p>&#8230;erhaltet ihr im Wintersemester immer in der Erstsemesterbegr\u00fc\u00dfung des BA LKM. Ihr seid nicht verpflichtet, dort hinzugehen, aber vielleicht bekommt ihr den ein oder anderen Tipp zu Bibliothek, Erasmus+, Hochschulgruppen etc. Au\u00dferdem k\u00f6nnt ihr bereits einen ersten Blick auf ein paar Lehrende aus unserem Studiengang werfen, bevor in der ersten Vorlesungswoche dann die Masterbegr\u00fc\u00dfung stattfindet.<\/p>\n<p>Im Sommersemester findet keine Begr\u00fc\u00dfung f\u00fcr die BA-Erstsemester statt. Um die Lehrenden in LKM kennenzulernen, k\u00f6nnt ihr euch aber zum Schnuppern in die Einf\u00fchrungen II setzen. Die Termine findet ihr im Vorlesungsverzeichnis.<\/p>\n<p>&nbsp;<\/p>\n<p><strong>Seminarwahl<\/strong><\/p>\n<p>Wir haben im Fachbereich kein einheitliches System zur Anmeldung f\u00fcr Seminare und Vorlesungen. Wie ihr euch f\u00fcr eure Wunschveranstaltungen anmeldet, steht im Vorlesungsverzeichnis bei jedem Angebot dabei. Die h\u00e4ufigsten Anmeldeverfahren sind: per e-Mail (v.a. im Fach Kunstwissenschaft), per ILIAS (sobald der zugeh\u00f6rige Ordner freigeschaltet ist, hier gilt aber: first come, first serve) oder einfach zur ersten Sitzung erscheinen.<\/p>\n<p>&nbsp;<\/p>\n<p><strong>Pflichtvorlesungen<\/strong><\/p>\n<p>Da die Vorlesungen f\u00fcr Modul 1 der MA-Pr\u00fcfungsordnung nur unregelm\u00e4\u00dfig angeboten werden (in der Regel &#8222;Kulturtheorien&#8220; im WiSe und die anderen beiden, &#8222;Literaturtheorien&#8220; und &#8222;Kunst- und Medientheorien&#8220;, im SoSe), solltet ihr \u2013 sofern ihr ein Auslandssemester machen m\u00f6chtet \u2013 gut planen, wann ihr welche Vorlesung belegen wollt.<\/p>\n<p>&nbsp;<\/p>\n<p><strong>F\u00fcr Infos rund um Wohnen, Essen und Finanzen<\/strong>: Schaut doch <a href=\"https:\/\/www.lkm.uni-konstanz.de\/support\/bewerben\/dein-neues-leben-in-konstanz\/\"><em>hier<\/em><\/a> vorbei<\/p>\n<p>&nbsp;<\/p>\n<p><strong>Weitere Fragen&#8230;<\/strong><\/p>\n<p>&#8230;beantworten wir euch gerne pers\u00f6nlich per Mail oder in unserer w\u00f6chentlichen Sprechstunde w\u00e4hrend der Vorlesungszeit. Au\u00dferdem gibt es immer ein paar KommilitonInnen, die ihren B.A. auch schon in Konstanz gemacht haben und Euch sicher gerne weiterhelfen. Auf unserer <a href=\"https:\/\/www.lkm.uni-konstanz.de\/support\/ba-erstis-wise-2023-24\/\">BA-Ersti-Seite<\/a> haben wir zus\u00e4tzlich noch ein paar n\u00fctzliche Links zum Studienstart.<\/p>\n<p>&nbsp;<\/p>\n<p>(STAND: Oktober 2025)<\/p>\n","protected":false},"excerpt":{"rendered":"<p>Wir begr\u00fc\u00dfen euch herzlich in eurem ersten Semester im Masterstudium LKM! F\u00fcr alle Neu-LKMler, die ihren B.A. nicht in Konstanz gemacht haben, haben wir auf dieser Seite ein paar Infos &hellip;<\/p>\n","protected":false},"author":12,"featured_media":0,"parent":0,"menu_order":0,"comment_status":"closed","ping_status":"closed","template":"","meta":{"_stc_notifier_status":"","_stc_notifier_sent_time":"","_stc_notifier_request":false,"_stc_notifier_prevent":false,"_stc_subscriber_keywords":"","_stc_subscriber_search_areas":"","footnotes":""},"class_list":["post-5833","page","type-page","status-publish","hentry","entry entry-center"],"_links":{"self":[{"href":"https:\/\/www.lkm.uni-konstanz.de\/support\/wp-json\/wp\/v2\/pages\/5833","targetHints":{"allow":["GET"]}}],"collection":[{"href":"https:\/\/www.lkm.uni-konstanz.de\/support\/wp-json\/wp\/v2\/pages"}],"about":[{"href":"https:\/\/www.lkm.uni-konstanz.de\/support\/wp-json\/wp\/v2\/types\/page"}],"author":[{"embeddable":true,"href":"https:\/\/www.lkm.uni-konstanz.de\/support\/wp-json\/wp\/v2\/users\/12"}],"replies":[{"embeddable":true,"href":"https:\/\/www.lkm.uni-konstanz.de\/support\/wp-json\/wp\/v2\/comments?post=5833"}],"version-history":[{"count":33,"href":"https:\/\/www.lkm.uni-konstanz.de\/support\/wp-json\/wp\/v2\/pages\/5833\/revisions"}],"predecessor-version":[{"id":6380,"href":"https:\/\/www.lkm.uni-konstanz.de\/support\/wp-json\/wp\/v2\/pages\/5833\/revisions\/6380"}],"wp:attachment":[{"href":"https:\/\/www.lkm.uni-konstanz.de\/support\/wp-json\/wp\/v2\/media?parent=5833"}],"curies":[{"name":"wp","href":"https:\/\/api.w.org\/{rel}","templated":true}]}}

<p><em><strong>Wir begrüßen euch herzlich in eurem ersten Semester im Masterstudium LKM!</strong></em></p>
<p>Für alle Neu-LKMler, die ihren B.A. nicht in Konstanz gemacht haben, haben wir auf dieser Seite ein paar Infos zusammengetragen, um den Start an unserer Uni zu erleichtern.</p>
<h4>____________________________________________________________________________________________________________________________________________</h4>
<ul>
<li>Die<strong> Erstsemesterbegrüßung</strong> findet dieses Wintersemester am<strong> 13. Oktober 2025 </strong>um<strong> 16.00 &#8211; 17.30 Uhr </strong>im<strong> Audimax (A600) </strong>statt.</li>
</ul>
<p>&nbsp;</p>
<ul>
<li>Die<strong data-start="78" data-end="115"> Ersti-Kneipentour von LitLing</strong> findet am <strong data-start="126" data-end="146">14. Oktober 2025</strong> statt. Kommt um <strong>18:30 Uhr</strong> zum <strong>Kaiserbrunnen</strong> auf der <strong>Marktstätte</strong> – dort geht’s los! Bei der Tour lernt ihr in kleinen Gruppen neue Leute und Bars in Konstanz kennen. Wichtig: Es besteht keine Trinkpflicht!</li>
</ul>
<p>&nbsp;</p>
<ul>
<li>Das<strong data-start="721" data-end="762"> Erstsemesterfrühstück von LitLing</strong> findet am <strong data-start="773" data-end="819">16. Oktober 2025 </strong>um<strong data-start="773" data-end="819"> 10:00 Uhr </strong>in<strong data-start="773" data-end="819"> Raum E404</strong> statt.<br data-start="826" data-end="829" />Bei Kaffee und Brezeln habt ihr die Gelegenheit, eure Kommiliton*innen kennenzulernen und euch auszutauschen.</li>
</ul>
<p>&nbsp;</p>
<ul>
<li>Die <strong>Infoveranstaltung </strong>zur <strong>Prüfungsordnung und Studienorganisation </strong>findet am <strong>Donnerstag, den 16.10.2025 von 11.00 Uhr &#8211; 11.45 Uhr</strong> in<strong> H 307 </strong>bei Dr. Daniel Hütter statt.</li>
</ul>
<p>&nbsp;</p>
<ul>
<li>Der <strong>Kunst- und Campusspaziergang</strong> findet am <strong>16. Oktober 2025</strong>  von <strong>15:30 bis 17:30 Uhr</strong> statt. Treffpunkt ist der Haupteingang der Uni. Die Hochschulgruppe Kunst-Werk-Stadt zeigt euch die wichtigsten Orte der Uni, sowie Hintergründe zu den Kunstwerken, die sich hier verstecken.</li>
</ul>
<p>&nbsp;</p>
<ul>
<li>Das <strong>Ersti-Café (LitLing)</strong> findet am <strong>17. Oktober 2025</strong> nachmittags im <strong>Fachschaftsraum H282</strong> statt. Wenn ihr trotz (oder gerade wegen) der vielen Infoveranstaltungen noch Fragen habt, die euch unter den Nägeln brennen, habt ihr hier die Gelegenheit, sie loszuwerden. Oder möchtet ihr einfach nur die Fachschaft und den Fachschaftsraum kennenlernen? Dann schaut gerne spontan am Freitagnachmittag vorbei!</li>
</ul>
<p>&nbsp;</p>
<h4>____________________________________________________________________________________________________________________________________________</h4>
<p><strong>Allgemeine Infos&#8230;</strong></p>
<p>&#8230;erhaltet ihr im Wintersemester immer in der Erstsemesterbegrüßung des BA LKM. Ihr seid nicht verpflichtet, dort hinzugehen, aber vielleicht bekommt ihr den ein oder anderen Tipp zu Bibliothek, Erasmus+, Hochschulgruppen etc. Außerdem könnt ihr bereits einen ersten Blick auf ein paar Lehrende aus unserem Studiengang werfen, bevor in der ersten Vorlesungswoche dann die Masterbegrüßung stattfindet.</p>
<p>Im Sommersemester findet keine Begrüßung für die BA-Erstsemester statt. Um die Lehrenden in LKM kennenzulernen, könnt ihr euch aber zum Schnuppern in die Einführungen II setzen. Die Termine findet ihr im Vorlesungsverzeichnis.</p>
<p>&nbsp;</p>
<p><strong>Seminarwahl</strong></p>
<p>Wir haben im Fachbereich kein einheitliches System zur Anmeldung für Seminare und Vorlesungen. Wie ihr euch für eure Wunschveranstaltungen anmeldet, steht im Vorlesungsverzeichnis bei jedem Angebot dabei. Die häufigsten Anmeldeverfahren sind: per e-Mail (v.a. im Fach Kunstwissenschaft), per ILIAS (sobald der zugehörige Ordner freigeschaltet ist, hier gilt aber: first come, first serve) oder einfach zur ersten Sitzung erscheinen.</p>
<p>&nbsp;</p>
<p><strong>Pflichtvorlesungen</strong></p>
<p>Da die Vorlesungen für Modul 1 der MA-Prüfungsordnung nur unregelmäßig angeboten werden (in der Regel &#8222;Kulturtheorien&#8220; im WiSe und die anderen beiden, &#8222;Literaturtheorien&#8220; und &#8222;Kunst- und Medientheorien&#8220;, im SoSe), solltet ihr – sofern ihr ein Auslandssemester machen möchtet – gut planen, wann ihr welche Vorlesung belegen wollt.</p>
<p>&nbsp;</p>
<p><strong>Für Infos rund um Wohnen, Essen und Finanzen</strong>: Schaut doch <a href="https://www.lkm.uni-konstanz.de/support/bewerben/dein-neues-leben-in-konstanz/"><em>hier</em></a> vorbei</p>
<p>&nbsp;</p>
<p><strong>Weitere Fragen&#8230;</strong></p>
<p>&#8230;beantworten wir euch gerne persönlich per Mail oder in unserer wöchentlichen Sprechstunde während der Vorlesungszeit. Außerdem gibt es immer ein paar KommilitonInnen, die ihren B.A. auch schon in Konstanz gemacht haben und Euch sicher gerne weiterhelfen. Auf unserer <a href="https://www.lkm.uni-konstanz.de/support/ba-erstis-wise-2023-24/">BA-Ersti-Seite</a> haben wir zusätzlich noch ein paar nützliche Links zum Studienstart.</p>
<p>&nbsp;</p>
<p>(STAND: Oktober 2025)</p>

<p>Wir begrüßen euch herzlich in eurem ersten Semester im Masterstudium LKM! Für alle Neu-LKMler, die ihren B.A. nicht in Konstanz gemacht haben, haben wir auf dieser Seite ein paar Infos &hellip;</p>
