{"id":5359,"date":"2018-04-16T11:40:02","date_gmt":"2018-04-16T09:40:02","guid":{"rendered":"http:\/\/kim59.wwwdns.kim.uni-konstanz.de\/blog\/support\/?page_id=5359"},"modified":"2025-06-05T19:26:41","modified_gmt":"2025-06-05T17:26:41","slug":"modul-8-9-das-integrierte-nebenfach","status":"publish","type":"page","link":"https:\/\/www.lkm.uni-konstanz.de\/support\/studieren\/modul-8-9-das-integrierte-nebenfach\/","title":{"rendered":"Modul 8\/9: Das integrierte Nebenfach"},"content":{"rendered":"<p>Wer zum <strong>Wintersemester 2012\/13<\/strong> sein LKM-Studium aufgenommen hat, studiert automatisch nach der Pr\u00fcfungsordnung (kurz: PO) von 2012. Wer ab <strong>Wintersemester 2016\/17<\/strong> mit dem Studium beginnt, studiert automatisch nach der Pr\u00fcfungsordnung von 2012 mit den \u00c4nderungen von 2016, ein Wechsel ist nicht m\u00f6glich. Die einzige \u00c4nderung ist jedoch die Aufteilung des ehemaligen Modul 7 in Modul 7 (Aufbaumodul 1) und Modul 8 (Aufbaumodul 2). Das ehemalige Modul 8 (Nachbarwissenschaften und Schl\u00fcsselqualifikationen) ist dann Modul 9.<\/p>\n<p>In diesem Artikel versuchen wir \u2013 ohne Garantie auf Vollst\u00e4ndigkeit \u2013 die Belegung von Seminaren in Modul 8 bzw. 9 zu kl\u00e4ren. Hast Du dar\u00fcber hinaus noch Fragen, dann kannst Du dich gerne bei uns bzw. beim Fachbereichsreferenten Dr. Daniel H\u00fctter melden. Grunds\u00e4tzlich empfehlen wir, dass Du dir die Pr\u00fcfungsordnungen zun\u00e4chst gut durchliest, weil vieles selbsterkl\u00e4rend ist. Hier findest du <a href=\"https:\/\/www.studium.uni-konstanz.de\/pruefungen\/pruefungsordnungen\/bachelorpruefung\/\" target=\"_blank\" rel=\"noopener noreferrer\">alle Pr\u00fcfungsordnungen.<\/a><\/p>\n<p>&nbsp;<\/p>\n<h4><strong>Modul 8\/9, oder: Das integrierte, \u00fcberfachliche, berufsfeldorientierte Nebenfach<\/strong><\/h4>\n<p>Das Modul 8\/9 umfasst drei Bereiche: Die Nachbarwissenschaften, die Schl\u00fcsselqualifikationen und das Praktikum. Als Nachbarwissenschaften z\u00e4hlen all jene F\u00e4cher, die hier aufgelistet sind (vgl. Anlage A zur Pr\u00fcfungsordnung aller geisteswissenschaftlichen Bachelorstudieng\u00e4nge, <a href=\"https:\/\/www.uni-konstanz.de\/securedl\/sdl-eyJ0eXAiOiJKV1QiLCJhbGciOiJIUzI1NiJ9.eyJpYXQiOjE3MTY4Nzg0ODUsImV4cCI6MTcxNzU2OTY4NSwidXNlciI6MCwiZ3JvdXBzIjpbMCwtMV0sImZpbGUiOiJmaWxlYWRtaW4vaW5mb2tvc21vc190eXAwL2p1c3RpemlhcmlhdC9TdHVkaWVyZW4vSW1fU3R1ZGl1bS9CYWNoZWxvcl9QcnVlZnVuZ3NvcmRudW5nX2dlaXN0L0JfNV8wXzFfQW5sYWdlQV9nZWlzdGVzd2lzc0JhY2hlbG9yUE9fbWl0QUVuZEp1bGkyMDEydUFFbmRKdWxpMjAyMy5wZGYiLCJwYWdlIjo2NTMxNn0.VRYhNA3Re7U8r7vFeBcw78XX40ez6AMiAMbXERjY2rk\/B_5_0_1_AnlageA_geisteswissBachelorPO_mitAEndJuli2012uAEndJuli2023.pdf\" target=\"_blank\" rel=\"noopener noreferrer\">Anlage A<\/a>):<\/p>\n<ul>\n<li>British and American Studies (BAST)<\/li>\n<li>Deutsche Literatur<\/li>\n<li>Franz\u00f6sische Studien<\/li>\n<li>Gender Studies<\/li>\n<li>Geschichte<\/li>\n<li>Informatik<\/li>\n<li>Italienische Studien<\/li>\n<li>Kulturwissenschaft der Antike<\/li>\n<li>Mathematik<\/li>\n<li>Politikwissenschaft<\/li>\n<li>Philosophie<\/li>\n<li>Rechtswissenschaft<\/li>\n<li>Slavistik (Literaturwissenschaft)<\/li>\n<li>Soziologie<\/li>\n<li>Spanische Studien<\/li>\n<li>Sprachwissenschaft<\/li>\n<li>Statistik<\/li>\n<li>Wirtschaftswissenschaften<\/li>\n<\/ul>\n<p>&nbsp;<\/p>\n<p>In diesem Bereich m\u00fcssen zwischen 30 und 40 ECTS erworben werden. Man muss sich zu keinem Zeitpunkt f\u00fcr eines der F\u00e4cher entscheiden und kann daher Kurse aus unterschiedlichen Bereichen besuchen, wie man m\u00f6chte. Nat\u00fcrlich ist es daher auch m\u00f6glich, alle Punkte in einem Bereich zu sammeln.<\/p>\n<p>F\u00fcr die Anrechnung eines Kurses aus dem Bereich LKM k\u00f6nnen entweder 3, 6 oder 9 ECTS erworben werden. Spielst Du mit dem Gedanken, ein LKM-Seminar mit 3 ECTS im Nebenfach anzurechnen, kl\u00e4re das unbedingt mit der zust\u00e4ndigen Lehrperson ab, da sich die zu erbringenden Leistungen voneinander unterscheiden k\u00f6nnen. Solltest Du dir Kurse aus den oben genannten F\u00e4chern im Nebenfach anrechnen lassen wollen, z\u00e4hlen die Vorgaben des jeweiligen Fachbereichs und die damit verbundene \u00fcbliche Anzahl an ECTS. Diese kann von den \u00fcblichen 3 oder 6 ECTS im Bereich LKM abweichen, was jedoch kein Problem darstellt.<\/p>\n<p>Schl\u00fcsselqualifikationspunkte k\u00f6nnen im SQ-Bereich (vgl. Vorlesungsverzeichnis) gesammelt werden, hier brauchst Du zwischen 12 und 22 ECTS. Das Praktikum von 8 Wochen ist Pflicht und ergibt 8 ECTS. Wer vor dem Studium eine fachrelevante Ausbildung oder ein einj\u00e4hriges fachrelevantes Praktikum gemacht hat, dem k\u00f6nnen zus\u00e4tzlich 4 ECTS angerechnet werden, die in den Schl\u00fcsselqualifikationsbereich \u00fcbernommen werden k\u00f6nnen (Wende dich hier aber mit deinem konkreten Fall an Herrn Dr. H\u00fctter). Es gilt also, 52 ECTS (+8 f\u00fcr das Praktikum) zu erreichen. Die Noten, die Du in Modul 8\/9 schreibst, z\u00e4hlen nicht in die Endnote Deines Bachelors.<\/p>\n<p>&nbsp;<\/p>\n<h4><strong>Wie belege ich Seminare in den Nachbarwissenschaften?<\/strong><\/h4>\n<p>Zuerst schaust Du in das Vorlesungsverzeichnis unter \u201eBachelorstudieng\u00e4nge &gt; Nebenfach\u201c; die dort aufgef\u00fchrten Seminare sind auch f\u00fcr Leute wie LKMlerInnen gedacht, die in allen Bereichen Seminare belegen d\u00fcrfen. Was dort steht, kannst Du also grunds\u00e4tzlich belegen. Wenn es erforderlich ist, dass Du dich \u00fcber Zeus, Ilias oder beim Dozenten\/bei der Dozentin per Mail anmeldest, mach das einfach und erscheine in der 1. Sitzung.<\/p>\n<p>Wenn Du im Bereich der Nachbarwissenschaften ein Seminar oder eine Vorlesung gefunden hast, die Du gerne belegen m\u00f6chtest, die aber nicht unter \u201eNebenfach\u201c im Vorlesungsverzeichnis steht, dann kontaktiere vor oder nach der 1. Sitzung den Dozenten\/die Dozentin und frage ihn oder sie, ob Du sein\/ihr Seminar als Nachbarwissenschaft belegen darfst. Falls ja, dann musst Du dich auch nach seinen\/ihren Vorgaben zur Scheinvergabe richten. Es gibt aber auch Seminare, die nicht von Nebenfachleuten belegt werden sollen und k\u00f6nnen, da sie speziell f\u00fcr diejenigen konzipiert sind, die das Fach als Hauptfach studieren. Deshalb stehen diese Seminare dann nicht f\u00fcr dich zur Wahl.<\/p>\n<p>Die Anmeldung zu den Pr\u00fcfungsleistungen in den Nachbarwissenschaften erfolgt wie in LKM auch \u00fcber ZEuS w\u00e4hrend des \u00fcblichen Anmeldezeitraums. Falls wider Erwarten die elektronische Anmeldung f\u00fcr eine Veranstaltung im Bereich Nachbarwissenschaften nicht funktioniert, sollen die Lehrenden einen Papierschein ausstellen, der \u00fcber Dr. H\u00fctter in das Studienkonto eingetragen wird.<\/p>\n<p><strong>Wichtiger Hinweis Nr. 1:<\/strong>\u00a0Wenn Du in einer Nachbarwissenschaft ein Seminar belegen m\u00f6chtest, dann ist es sinnvoll, vorher die Einf\u00fchrungsvorlesung in diesem Fach besucht zu haben. Ein Hauptseminar in einem Fach, dessen wissenschaftliche Methoden Du nicht kennst, ist ohne die Einf\u00fchrung dazu wenig sinnvoll bzw. es ist dann auch durchaus m\u00f6glich, dass der Dozent\/die Dozentin Dich das Seminar erst gar nicht belegen l\u00e4sst.<br \/>\n<strong>Wichtiger Hinweis Nr. 2:<\/strong> Der LKM Support entscheidet nicht \u00fcber die Anrechenbarkeit von Seminaren f\u00fcr die PO.<br \/>\n<strong>Wichtiger Hinweis Nr. 3:<\/strong> Dr. H\u00fctter ist ein vielbesch\u00e4ftigter Mann. Am Besten ist es immer, in seine Sprechstunde zu gehen und nach Anrechenbarkeiten zu fragen, aber tu\u2018 ihm und Dir den Gefallen und gehe auch wirklich nur zu ihm, wenn Du sicher bist, dass Du dieses Seminar belegen m\u00f6chtest.<\/p>\n<p>&nbsp;<\/p>\n<p>(Stand: Juni 2025)<\/p>\n","protected":false},"excerpt":{"rendered":"<p>Wer zum Wintersemester 2012\/13 sein LKM-Studium aufgenommen hat, studiert automatisch nach der Pr\u00fcfungsordnung (kurz: PO) von 2012. Wer ab Wintersemester 2016\/17 mit dem Studium beginnt, studiert automatisch nach der Pr\u00fcfungsordnung &hellip;<\/p>\n","protected":false},"author":39,"featured_media":0,"parent":9,"menu_order":0,"comment_status":"closed","ping_status":"closed","template":"","meta":{"_stc_notifier_status":"","_stc_notifier_sent_time":"","_stc_notifier_request":false,"_stc_notifier_prevent":false,"_stc_subscriber_keywords":"","_stc_subscriber_search_areas":"","footnotes":""},"class_list":["post-5359","page","type-page","status-publish","hentry","entry entry-center"],"_links":{"self":[{"href":"https:\/\/www.lkm.uni-konstanz.de\/support\/wp-json\/wp\/v2\/pages\/5359","targetHints":{"allow":["GET"]}}],"collection":[{"href":"https:\/\/www.lkm.uni-konstanz.de\/support\/wp-json\/wp\/v2\/pages"}],"about":[{"href":"https:\/\/www.lkm.uni-konstanz.de\/support\/wp-json\/wp\/v2\/types\/page"}],"author":[{"embeddable":true,"href":"https:\/\/www.lkm.uni-konstanz.de\/support\/wp-json\/wp\/v2\/users\/39"}],"replies":[{"embeddable":true,"href":"https:\/\/www.lkm.uni-konstanz.de\/support\/wp-json\/wp\/v2\/comments?post=5359"}],"version-history":[{"count":11,"href":"https:\/\/www.lkm.uni-konstanz.de\/support\/wp-json\/wp\/v2\/pages\/5359\/revisions"}],"predecessor-version":[{"id":6358,"href":"https:\/\/www.lkm.uni-konstanz.de\/support\/wp-json\/wp\/v2\/pages\/5359\/revisions\/6358"}],"up":[{"embeddable":true,"href":"https:\/\/www.lkm.uni-konstanz.de\/support\/wp-json\/wp\/v2\/pages\/9"}],"wp:attachment":[{"href":"https:\/\/www.lkm.uni-konstanz.de\/support\/wp-json\/wp\/v2\/media?parent=5359"}],"curies":[{"name":"wp","href":"https:\/\/api.w.org\/{rel}","templated":true}]}}