{"id":5135,"date":"2017-11-27T11:05:03","date_gmt":"2017-11-27T11:05:03","guid":{"rendered":"https:\/\/literaturkunstmedien.wordpress.com\/?page_id=5135"},"modified":"2019-08-13T15:32:42","modified_gmt":"2019-08-13T13:32:42","slug":"zusatzqualifikationen","status":"publish","type":"page","link":"https:\/\/www.lkm.uni-konstanz.de\/support\/zusatzqualifikationen\/","title":{"rendered":"Zusatzqualifikationen"},"content":{"rendered":"<h4><strong>Profilbildung &#8222;Kunst- und Kulturmanagement&#8220;<\/strong><\/h4>\n<p>Wer neben seinem LKM-Studium Zeit und Lust hat, sich in Richtung Management weiterzubilden, kann in der Profilbildung, die vom Career Service der Universit\u00e4t organisiert wird, eine Zusatzqualifikation erwerben. F\u00fcr LKMlerInnen pr\u00e4destiniert ist der Schwerpunkt &#8222;Kunst- und Kulturmanagement&#8220;. Es werden aber auch &#8222;Wirtschaftskommunikation&#8220; sowie &#8222;Personal- und Organisationsentwicklung&#8220; angeboten. Allen drei Richtungen gemein ist das Ziel, den zuk\u00fcnftigen AbsolventInnen der Uni den Berufseinstieg zu erleichtern.<\/p>\n<p>Die Profilbildung umfasst obligatorische Veranstaltungen wie Standort- und Reflexionsworkshop sowie den Kurs &#8222;Basiswissen Wirtschaft&#8220; und drei Schl\u00fcsselqualifikationen, die aus einem Angebotspool ausgew\u00e4hlt werden, davon muss (!) eine (!) Kommunikations-SQ aus dem Bereich &#8222;kommunikative, soziale und pers\u00f6nliche Kompetenzen&#8220; belegt werden. Au\u00dferdem muss ein achtw\u00f6chiges Praktikum, das inhaltlich mit der Profilbildung verwandt ist, absolviert und vom Career Service anerkannt werden. Hier z\u00e4hlen auch bereits im Studium angerechnete, achtw\u00f6chige Praktika.<\/p>\n<p>Obwohl die Profilbildung in einem Semester machbar ist, ist es nicht verkehrt, sich daf\u00fcr zwei oder mehr Semester Zeit zu nehmen &#8211; ein Hauptstudium m\u00fcsst ihr parallel schlie\u00dflich auch noch schaffen. Der Career Service empfiehlt daher auch, mindestens zwei Semester f\u00fcr die Profilbildung einzuplanen. Wenn Ihr alle Veranstaltungen besucht und das Praktikum angerechnet habt, bekommt Ihr ein Endzertifikat.<\/p>\n<p>Alle BA- oder MA-Studierenden der Uni Konstanz k\u00f6nnen an der Profilbildung teilnehmen. Zweimal j\u00e4hrlich gibt es eine Bewerbungsphase, in der ein ausgef\u00fclltes Anmeldeformular, ein Motivationsschreiben von 1-2 Seiten und ein tabellarischer Lebenslauf abgegeben werden m\u00fcssen.<\/p>\n<p>Eine detaillierte \u00dcbersicht \u00fcber die Profilbildung sowie Informationen \u00fcber Bewerbung, Anrechenbarkeit und Seminarbelegung findet ihr auf den <a href=\"https:\/\/www.uni-konstanz.de\/sq\/angebote\/profilbildung\/\" target=\"_blank\" rel=\"noopener noreferrer\">Seiten des Career Service<\/a>.<\/p>\n<p><strong>Achtung: <\/strong>Ab dem Sommersemester 2019 ist keine Aufnahme in die Profilbildung mehr m\u00f6glich. Der Career Service und das SQ-Zentrum haben f\u00fcr uns stattdessen das neue &#8222;Profil+&#8220; im Angebot. Mehr Informationen dazu gibt es ab April auf den Uniseiten von Career Service und SQ-Zentrum.<\/p>\n<p>&nbsp;<\/p>\n<h4><strong>qualifikation N<\/strong><\/h4>\n<p>Seit dem Wintersemester 2017\/18 wird vom SQ-Zentrum in Kooperation mit dem Green Office das Nachhaltigkeitszertifikat qualifikation N angeboten. Pro Semester werden dabei ein bis zwei Blockseminare aus dem aktuellen Angebot und das E-Learning Lehrangebot der Virtuellen Akademie Nachhaltigkeit absolviert. Die Veranstaltungen sind f\u00fcr alle Studierenden der Uni Konstanz offen. Mehr Informationen dazu gibt es <a href=\"https:\/\/www.uni-konstanz.de\/sq\/themenbereich-nachhaltigkeit\/\" target=\"_blank\" rel=\"noopener noreferrer\">hier<\/a>.<\/p>\n","protected":false},"excerpt":{"rendered":"<p>Profilbildung &#8222;Kunst- und Kulturmanagement&#8220; Wer neben seinem LKM-Studium Zeit und Lust hat, sich in Richtung Management weiterzubilden, kann in der Profilbildung, die vom Career Service der Universit\u00e4t organisiert wird, eine &hellip;<\/p>\n","protected":false},"author":1,"featured_media":0,"parent":0,"menu_order":0,"comment_status":"closed","ping_status":"closed","template":"","meta":{"_stc_notifier_status":"","_stc_notifier_sent_time":"","_stc_notifier_request":false,"_stc_notifier_prevent":false,"_stc_subscriber_keywords":"","_stc_subscriber_search_areas":"","footnotes":""},"class_list":["post-5135","page","type-page","status-publish","hentry","entry entry-center"],"_links":{"self":[{"href":"https:\/\/www.lkm.uni-konstanz.de\/support\/wp-json\/wp\/v2\/pages\/5135","targetHints":{"allow":["GET"]}}],"collection":[{"href":"https:\/\/www.lkm.uni-konstanz.de\/support\/wp-json\/wp\/v2\/pages"}],"about":[{"href":"https:\/\/www.lkm.uni-konstanz.de\/support\/wp-json\/wp\/v2\/types\/page"}],"author":[{"embeddable":true,"href":"https:\/\/www.lkm.uni-konstanz.de\/support\/wp-json\/wp\/v2\/users\/1"}],"replies":[{"embeddable":true,"href":"https:\/\/www.lkm.uni-konstanz.de\/support\/wp-json\/wp\/v2\/comments?post=5135"}],"version-history":[{"count":1,"href":"https:\/\/www.lkm.uni-konstanz.de\/support\/wp-json\/wp\/v2\/pages\/5135\/revisions"}],"predecessor-version":[{"id":5802,"href":"https:\/\/www.lkm.uni-konstanz.de\/support\/wp-json\/wp\/v2\/pages\/5135\/revisions\/5802"}],"wp:attachment":[{"href":"https:\/\/www.lkm.uni-konstanz.de\/support\/wp-json\/wp\/v2\/media?parent=5135"}],"curies":[{"name":"wp","href":"https:\/\/api.w.org\/{rel}","templated":true}]}}