{"id":221,"date":"2023-09-13T21:19:53","date_gmt":"2023-09-13T19:19:53","guid":{"rendered":"https:\/\/www.lkm.uni-konstanz.de\/kunstvermittlung\/?page_id=221"},"modified":"2024-11-20T11:38:53","modified_gmt":"2024-11-20T10:38:53","slug":"ersti-broschuere","status":"publish","type":"page","link":"https:\/\/www.lkm.uni-konstanz.de\/kunstvermittlung\/ersti-broschuere\/","title":{"rendered":"Kunst und Food f\u00fcr Erstis"},"content":{"rendered":"<p>Unsere Brosch\u00fcre \u201eKunst und Food f\u00fcr Erstis\u201c ist im Rahmen des Seminars \u201eStadt- und Kunstf\u00fchrungen auf neuen Wegen\u201c unter der Leitung von Birgit Rucker entstanden. Uns war es wichtig, ein Projekt von Studis f\u00fcr Studis zu entwickeln. Somit waren wir uns auch alle von Anfang an einig, dass wir unsere \u201eF\u00fchrung\u201c sehr pers\u00f6nlich gestalten wollen.<br \/>\nBei der Ideenfindung unseres Projektes ist uns aufgefallen, dass wir alle unterschiedliche Lieblingsorte in Konstanz haben. Die Idee, einen pers\u00f6nlichen Flyer mit unterschiedlichen Spots aus Konstanz zu gestalten, mochten wir auch deshalb, weil wir das gerade f\u00fcr den Beginn des Studi-Lebens in Konstanz hilfreich fanden. Ganz bewusst wollten wir hierbei verschiedenste historische, architektonisch bedeutsame oder kunstbezogene Orte in Konstanz involvieren und zu diesen, neben unseren eigenen Anekdoten, Informationen und historische Hintergr\u00fcnde pr\u00e4sentieren.<br \/>\nWir alle aus unserer Gruppe haben w\u00e4hrend der Corona-Pandemie unser Studium in Konstanz begonnen und fanden es super, bei der Flyerkonzeption von den Lieblingsorten der anderen Gruppenmitglieder zu erfahren, da wir diese teilweise noch gar nicht kannten. Durch den Austausch hatten wir einen Anreiz, einige dieser Orte selbst noch zu entdecken und auszuprobieren. Genau das m\u00f6chten wir auch mit der Brosch\u00fcre erreichen: Euch inspirieren und ermutigen, neue und vielleicht auch eigene Lieblings-Spots in Konstanz zu finden!<br \/>\nDa wir Euch unseren Flyer gern \u00fcberall und einfach zug\u00e4nglich machen wollen, steht Euch hier eine f\u00fcr jeden erreichbare <a href=\"https:\/\/www.lkm.uni-konstanz.de\/kunstvermittlung\/wp-content\/uploads\/sites\/10\/2023\/11\/Erstibroschuere_final.pdf\" target=\"_blank\" rel=\"noopener\">PDF-Datei<\/a> zur Verf\u00fcgung. Gleichzeitig m\u00f6chten wir aber auch gerne ausgedruckte Exemplare in der Uni an Erstis (und auch alle anderen Interessierten) verteilen.<br \/>\nIn der gedruckten Version sind teilweise wei\u00df hinterlegte Zeichnungen der verschiedenen Orte zu finden, welche bewusst so gestaltet wurden, damit alle selbst kreativ werden k\u00f6nnen!<\/p>\n<p>Damit w\u00fcnschen wir allen ganz viel Freude und kreatives Schaffen und eine wundervolle Studienzeit! \ud83d\ude0a<\/p>\n<p><strong><a href=\"https:\/\/www.lkm.uni-konstanz.de\/kunstvermittlung\/wp-content\/uploads\/sites\/10\/2023\/11\/Erstibroschuere_final.pdf\" target=\"_blank\" rel=\"noopener\">Download der Brosch\u00fcre<\/a><\/strong><\/p>\n<p><strong>Projektteam:<\/strong> Amelie Dormer, Elena Schulze, Sabrina Senf, Paula Ugrai<\/p>\n<div id=\"attachment_271\" style=\"width: 610px\" class=\"wp-caption aligncenter\"><a href=\"https:\/\/www.lkm.uni-konstanz.de\/kunstvermittlung\/wp-content\/uploads\/sites\/10\/2023\/11\/Erstibroschuere_Titelblatt.jpeg\"><img loading=\"lazy\" decoding=\"async\" aria-describedby=\"caption-attachment-271\" class=\"wp-image-271 size-large\" src=\"https:\/\/www.lkm.uni-konstanz.de\/kunstvermittlung\/wp-content\/uploads\/sites\/10\/2023\/11\/Erstibroschuere_Titelblatt-721x1024.jpeg\" alt=\"Titelblatt der Erstibrosch\u00fcre\" width=\"600\" height=\"852\" srcset=\"https:\/\/www.lkm.uni-konstanz.de\/kunstvermittlung\/wp-content\/uploads\/sites\/10\/2023\/11\/Erstibroschuere_Titelblatt-721x1024.jpeg 721w, https:\/\/www.lkm.uni-konstanz.de\/kunstvermittlung\/wp-content\/uploads\/sites\/10\/2023\/11\/Erstibroschuere_Titelblatt-211x300.jpeg 211w, https:\/\/www.lkm.uni-konstanz.de\/kunstvermittlung\/wp-content\/uploads\/sites\/10\/2023\/11\/Erstibroschuere_Titelblatt-768x1090.jpeg 768w, https:\/\/www.lkm.uni-konstanz.de\/kunstvermittlung\/wp-content\/uploads\/sites\/10\/2023\/11\/Erstibroschuere_Titelblatt-1082x1536.jpeg 1082w, https:\/\/www.lkm.uni-konstanz.de\/kunstvermittlung\/wp-content\/uploads\/sites\/10\/2023\/11\/Erstibroschuere_Titelblatt-508x721.jpeg 508w, https:\/\/www.lkm.uni-konstanz.de\/kunstvermittlung\/wp-content\/uploads\/sites\/10\/2023\/11\/Erstibroschuere_Titelblatt.jpeg 1165w\" sizes=\"auto, (max-width: 600px) 100vw, 600px\" \/><\/a><p id=\"caption-attachment-271\" class=\"wp-caption-text\">Titelblatt der Erstibrosch\u00fcre<\/p><\/div>\n","protected":false},"excerpt":{"rendered":"<p>Unsere Brosch\u00fcre \u201eKunst und Food f\u00fcr Erstis\u201c ist im Rahmen des Seminars \u201eStadt- und Kunstf\u00fchrungen auf neuen Wegen\u201c unter der Leitung von Birgit Rucker entstanden. Uns war es wichtig, ein [&hellip;]<\/p>\n","protected":false},"author":1,"featured_media":0,"parent":0,"menu_order":0,"comment_status":"closed","ping_status":"closed","template":"","meta":{"_stc_notifier_status":"","_stc_notifier_sent_time":"","_stc_notifier_request":false,"_stc_notifier_prevent":false,"_stc_subscriber_keywords":"","_stc_subscriber_search_areas":"","footnotes":""},"class_list":["post-221","page","type-page","status-publish","hentry"],"_links":{"self":[{"href":"https:\/\/www.lkm.uni-konstanz.de\/kunstvermittlung\/wp-json\/wp\/v2\/pages\/221","targetHints":{"allow":["GET"]}}],"collection":[{"href":"https:\/\/www.lkm.uni-konstanz.de\/kunstvermittlung\/wp-json\/wp\/v2\/pages"}],"about":[{"href":"https:\/\/www.lkm.uni-konstanz.de\/kunstvermittlung\/wp-json\/wp\/v2\/types\/page"}],"author":[{"embeddable":true,"href":"https:\/\/www.lkm.uni-konstanz.de\/kunstvermittlung\/wp-json\/wp\/v2\/users\/1"}],"replies":[{"embeddable":true,"href":"https:\/\/www.lkm.uni-konstanz.de\/kunstvermittlung\/wp-json\/wp\/v2\/comments?post=221"}],"version-history":[{"count":5,"href":"https:\/\/www.lkm.uni-konstanz.de\/kunstvermittlung\/wp-json\/wp\/v2\/pages\/221\/revisions"}],"predecessor-version":[{"id":499,"href":"https:\/\/www.lkm.uni-konstanz.de\/kunstvermittlung\/wp-json\/wp\/v2\/pages\/221\/revisions\/499"}],"wp:attachment":[{"href":"https:\/\/www.lkm.uni-konstanz.de\/kunstvermittlung\/wp-json\/wp\/v2\/media?parent=221"}],"curies":[{"name":"wp","href":"https:\/\/api.w.org\/{rel}","templated":true}]}}